{"id":136,"date":"2025-05-17T18:06:55","date_gmt":"2025-05-17T15:06:55","guid":{"rendered":"https:\/\/www.helmikajaste.fi\/?page_id=136"},"modified":"2026-02-03T08:40:39","modified_gmt":"2026-02-03T06:40:39","slug":"teksti-text","status":"publish","type":"page","link":"https:\/\/www.helmikajaste.fi\/?page_id=136","title":{"rendered":"Teksti\/Text"},"content":{"rendered":"\n<p class=\"has-large-font-size\"><strong>Tutkimus \/ Research<\/strong><\/p>\n\n\n\n<p>Artikkeli \/ Text in Aukio online magazine<br><em>V\u00e4litilat ja muutoskaudet Aki Kaurism\u00e4en elokuvissa <\/em>Mies vailla menneisyytt\u00e4 <em>ja <\/em>Kuolleet lehdet<br>Aukio-verkkolehden teemanumerossa <em>Muistetut ja kuvitellut menneisyyden kerrokset kaupunkiymp\u00e4rist\u00f6n kokemisessa<\/em> (2026)<br><a href=\"https:\/\/aukiolla.fi\/valitilat-ja-muutoskaudet-aki-kaurismaen-elokuvissa-mies-vailla-menneisyytta-ja-kuolleet-lehdet\">https:\/\/aukiolla.fi\/valitilat-ja-muutoskaudet-aki-kaurismaen-elokuvissa-mies-vailla-menneisyytta-ja-kuolleet-lehdet<\/a><br><br>V\u00e4it\u00f6skirja \/ Doctoral thesis<br><em>You see a lock anywhere? Elusive architectural boundaries of home detected through cinematic framings<\/em><br>Arkkitehtuurin laitos, Taiteiden ja suunnittelun korkeakoulu, Aalto-yliopisto \/ Department of Architecture, School of Arts, Design and Architecture, Aalto University (2025)<br><a href=\"https:\/\/urn.fi\/URN:ISBN:978-952-64-2472-9\">https:\/\/urn.fi\/URN:ISBN:978-952-64-2472-9<\/a><br><br>Diplomity\u00f6 \/Master&#8217;s thesis<br><em>Eloton her\u00e4\u00e4 \u2013 arkkitehtuuri hahmona elokuvissa<\/em><br>Arkkitehtuurin laitos, Taiteiden ja suunnittelun korkeakoulu, Aalto-yliopisto (2013)<\/p>\n\n\n\n<div style=\"height:30px\" aria-hidden=\"true\" class=\"wp-block-spacer\"><\/div>\n\n\n\n<p class=\"has-large-font-size\"><strong>Esseet \/ Essays<\/strong><\/p>\n\n\n\n<p class=\"has-medium-font-size\"><em>Kaikkialle levi\u00e4v\u00e4t v\u00e4rit<\/em><br>Filmihullu (12\/2024)<br><a href=\"https:\/\/filmihullu.fi\/filmihullu-6-2024\/\">https:\/\/filmihullu.fi\/filmihullu-6-2024\/<\/a><\/p>\n\n\n\n<p class=\"has-medium-font-size\"><em>Kosteudenhallintaa<\/em><br>kokoelmassa <em>Mahdollisia mahdottomuuksia \u2013 esseit\u00e4 Maija Bl\u00e5fieldin elokuvista<\/em>, PARVS (2023)<br><a href=\"https:\/\/parvs.fi\/kirja\/mahdollisia-mahdottomuuksia-possible-impossibilities-2\/\">https:\/\/parvs.fi\/kirja\/mahdollisia-mahdottomuuksia-possible-impossibilities-2\/<\/a><\/p>\n\n\n\n<p class=\"has-medium-font-size\"><em>V\u00e4rikk\u00e4iden naisten harmaa puutarha<\/em><br>Nuori Voima (4\/2022)<br><a href=\"https:\/\/nuorivoima.fi\/lue\/essee\/varikkaiden-naisten-harmaa-puutarha\">https:\/\/nuorivoima.fi\/lue\/essee\/varikkaiden-naisten-harmaa-puutarha<\/a><\/p>\n\n\n\n<p class=\"has-medium-font-size\"><em>Kulman takana<\/em><br>Ylioppilaslehti (5\/2021)<br><a href=\"https:\/\/ylioppilaslehti.fi\/2021\/05\/helmi-kajasteen-essee-kulman-takana\/\">https:\/\/ylioppilaslehti.fi\/2021\/05\/helmi-kajasteen-essee-kulman-takana\/<\/a><\/p>\n\n\n\n<div class=\"wp-block-group is-nowrap is-layout-flex wp-container-core-group-is-layout-6c531013 wp-block-group-is-layout-flex\"><\/div>\n\n\n\n<figure class=\"wp-block-image size-large is-resized\"><img loading=\"lazy\" decoding=\"async\" width=\"635\" height=\"1024\" src=\"https:\/\/www.helmikajaste.fi\/wp-content\/uploads\/2025\/05\/Rakenna_karsi_ja_unhoita_kansi-1-635x1024.jpg\" alt=\"\" class=\"wp-image-314\" style=\"width:280px;height:auto\" srcset=\"https:\/\/www.helmikajaste.fi\/wp-content\/uploads\/2025\/05\/Rakenna_karsi_ja_unhoita_kansi-1-635x1024.jpg 635w, https:\/\/www.helmikajaste.fi\/wp-content\/uploads\/2025\/05\/Rakenna_karsi_ja_unhoita_kansi-1-186x300.jpg 186w, https:\/\/www.helmikajaste.fi\/wp-content\/uploads\/2025\/05\/Rakenna_karsi_ja_unhoita_kansi-1-768x1238.jpg 768w, https:\/\/www.helmikajaste.fi\/wp-content\/uploads\/2025\/05\/Rakenna_karsi_ja_unhoita_kansi-1-953x1536.jpg 953w, https:\/\/www.helmikajaste.fi\/wp-content\/uploads\/2025\/05\/Rakenna_karsi_ja_unhoita_kansi-1-1270x2048.jpg 1270w, https:\/\/www.helmikajaste.fi\/wp-content\/uploads\/2025\/05\/Rakenna_karsi_ja_unhoita_kansi-1.jpg 1348w\" sizes=\"auto, (max-width: 635px) 100vw, 635px\" \/><\/figure>\n\n\n\n<p class=\"has-medium-font-size\"><em>Rakenna, k\u00e4rsi ja unhoita<\/em><br>esseekirja \/ book of essays Kosmos (2020)<br><a href=\"https:\/\/www.kosmoskirjat.fi\/helmi-kajaste-rakenna-karsi-ja-unhoita\/\">https:\/\/www.kosmoskirjat.fi\/helmi-kajaste-rakenna-karsi-ja-unhoita\/<\/a><\/p>\n\n\n\n<p class=\"has-medium-font-size\"><\/p>\n\n\n\n<div style=\"height:30px\" aria-hidden=\"true\" class=\"wp-block-spacer\"><\/div>\n\n\n\n<p class=\"has-large-font-size\"><strong>Muut \/ Other<\/strong><\/p>\n\n\n\n<p class=\"has-medium-font-size\">Arvio \/Film review<br><em>The Brutalist kertoo rakentamisesta mutta unohtaa arkkitehtuurin<\/em><br>Arkkitehtiuutiset 2\/2025<br><a href=\"https:\/\/www.e-julkaisu.fi\/SAFA\/au_arkkitehtiuutiset\/2-2025\/145\/#pid=1\">https:\/\/www.e-julkaisu.fi\/SAFA\/au_arkkitehtiuutiset\/2-2025\/145\/#pid=1<\/a><\/p>\n\n\n\n<p class=\"has-medium-font-size\">J\u00e4lkisanat \/ Afterword<br><em>Piirt\u00e4j\u00e4n kokemus<\/em><br>kirjassa Ty\u00f6maa, Bokeh (2024)<br><a href=\"https:\/\/bokeheditions.fi\/julkaisut\/tyomaa-bygge\/\">https:\/\/bokeheditions.fi\/julkaisut\/tyomaa-bygge\/<\/a><\/p>\n\n\n\n<div style=\"height:30px\" aria-hidden=\"true\" class=\"wp-block-spacer\"><\/div>\n\n\n\n<p class=\"has-large-font-size\"><strong>Muiden tekstej\u00e4<\/strong> \/ <strong>Texts written by others<\/strong><\/p>\n\n\n\n<p class=\"has-medium-font-size\">Mattila, Ilkka. <em>Suomen suurimman musiikkipalkinnon sai arkkitehti: Helmi Kajaste ei halua laittaa musiikkiaan Spotifyhin<\/em><br>Helsingin Sanomat (4\/2023)<br><a href=\"https:\/\/www.hs.fi\/kulttuuri\/art-2000009534310.html\">https:\/\/www.hs.fi\/kulttuuri\/art-2000009534310.html<\/a><\/p>\n\n\n\n<p class=\"has-medium-font-size\">Holmila, Paula. <em>Arkkitehti Helmi Kajaste on hurahtanut elokuviin<\/em><br>Kuukauden Architecta (12\/2022)<br><a href=\"https:\/\/www.mfa.fi\/uutiskirjeet\/kuukauden-architecta-helmi-kajaste\/\">https:\/\/www.mfa.fi\/uutiskirjeet\/kuukauden-architecta-helmi-kajaste\/<\/a><\/p>\n\n\n\n<p class=\"has-medium-font-size\">Sepp\u00e4nen, Arttu. <em>Rap-artisti Draama-Helmin\u00e4 tunnetun Helmi Kajasteen esikoiskirja on kuin v\u00e4rityskirjan sivu, jota on v\u00e4ritetty sielt\u00e4 t\u00e4\u00e4lt\u00e4<\/em><br>Helsingin Sanomat (3\/2020).<br><a href=\"https:\/\/www.hs.fi\/kulttuuri\/art-2000006457078.html\">https:\/\/www.hs.fi\/kulttuuri\/art-2000006457078.html<\/a><\/p>\n\n\n\n<p class=\"has-medium-font-size\">Onninen, Oskari. <em>Korjaaja ja lohduttaja<\/em><br>Suomen Kuvalehti (1\/2020)<br><a href=\"https:\/\/suomenkuvalehti.fi\/kulttuuri\/helmi-kajaste-on-arkkitehti-draama-helmi-ja-nyt-kirjailija-koska-kokeileminen-luo-turvallisuudentunteen\/\">https:\/\/suomenkuvalehti.fi\/kulttuuri\/helmi-kajaste-on-arkkitehti-draama-helmi-ja-nyt-kirjailija-koska-kokeileminen-luo-turvallisuudentunteen\/<\/a><\/p>\n\n\n\n<p class=\"has-medium-font-size\">Oikarinen, Essi. <em>Rakkaudesta lajeihin<\/em><br>Arkkitehti-lehti (1\/2020)<br><a href=\"https:\/\/www.ark.fi\/fi\/2020\/01\/rakkaudesta-lajeihin\/\">https:\/\/www.ark.fi\/fi\/2020\/01\/rakkaudesta-lajeihin\/<\/a><\/p>\n\n\n\n<p class=\"has-medium-font-size\">Martelius, Katja. <em>Helmi Kajaste oli opiskelijana niin n\u00f6ss\u00f6, ett\u00e4 poliisin piti kannustaa h\u00e4nt\u00e4 talonvaltaukseen \u2013 Nyt h\u00e4n kertoo HS:n haastattelussa, miten loi Suomi-rapin oudoimman hahmon<\/em><br>Helsingin Sanomat (2\/2019)<br><a href=\"https:\/\/www.hs.fi\/kulttuuri\/art-2000006015157.html\">https:\/\/www.hs.fi\/kulttuuri\/art-2000006015157.html<\/a><\/p>\n\n\n\n<p><\/p>\n","protected":false},"excerpt":{"rendered":"<p>Tutkimus \/ Research Artikkeli \/ Text in Aukio online magazineV\u00e4litilat ja muutoskaudet Aki Kaurism\u00e4en elokuvissa Mies vailla menneisyytt\u00e4 ja Kuolleet lehdetAukio-verkkolehden teemanumerossa Muistetut ja kuvitellut menneisyyden kerrokset kaupunkiymp\u00e4rist\u00f6n kokemisessa (2026)https:\/\/aukiolla.fi\/valitilat-ja-muutoskaudet-aki-kaurismaen-elokuvissa-mies-vailla-menneisyytta-ja-kuolleet-lehdet V\u00e4it\u00f6skirja \/ Doctoral thesisYou see a lock anywhere? Elusive architectural boundaries of home detected through cinematic framingsArkkitehtuurin laitos, Taiteiden ja suunnittelun korkeakoulu, Aalto-yliopisto \/ Department [&hellip;]<\/p>\n","protected":false},"author":1,"featured_media":0,"parent":0,"menu_order":0,"comment_status":"closed","ping_status":"closed","template":"","meta":{"_themeisle_gutenberg_block_has_review":false,"footnotes":""},"class_list":["post-136","page","type-page","status-publish","hentry"],"_links":{"self":[{"href":"https:\/\/www.helmikajaste.fi\/index.php?rest_route=\/wp\/v2\/pages\/136","targetHints":{"allow":["GET"]}}],"collection":[{"href":"https:\/\/www.helmikajaste.fi\/index.php?rest_route=\/wp\/v2\/pages"}],"about":[{"href":"https:\/\/www.helmikajaste.fi\/index.php?rest_route=\/wp\/v2\/types\/page"}],"author":[{"embeddable":true,"href":"https:\/\/www.helmikajaste.fi\/index.php?rest_route=\/wp\/v2\/users\/1"}],"replies":[{"embeddable":true,"href":"https:\/\/www.helmikajaste.fi\/index.php?rest_route=%2Fwp%2Fv2%2Fcomments&post=136"}],"version-history":[{"count":43,"href":"https:\/\/www.helmikajaste.fi\/index.php?rest_route=\/wp\/v2\/pages\/136\/revisions"}],"predecessor-version":[{"id":363,"href":"https:\/\/www.helmikajaste.fi\/index.php?rest_route=\/wp\/v2\/pages\/136\/revisions\/363"}],"wp:attachment":[{"href":"https:\/\/www.helmikajaste.fi\/index.php?rest_route=%2Fwp%2Fv2%2Fmedia&parent=136"}],"curies":[{"name":"wp","href":"https:\/\/api.w.org\/{rel}","templated":true}]}}